ctor of 11325 and 10650?
75
Calculate the highest common divisor of 429078520 and 685.
685
Calculate the highest common factor of 15964 and 8996.
52
Calculate the greatest common factor of 4200453 and 81.
9
Calculate the greatest common divisor of 1056 and 175219.
11
What is the highest common factor of 4562467 and 10136?
1267
What is the greatest common factor of 775469 and 64325?
83
Calculate the greatest common divisor of 753249 and 2073.
3
What is the greatest common factor of 4596358 and 36907?
221
What is the highest common divisor of 1679 and 1738057?
73
Calculate the highest common divisor of 2530 and 214290.
10
Calculate the highest common divisor of 26323087 and 7.
7
Calculate the highest common divisor of 18 and 3603764.
2
Calculate the highest common divisor of 5379 and 56058145.
1793
Calculate the greatest common factor of 52 and 2596906.
26
Calculate the highest common divisor of 22712 and 56058894.
5678
Calculate the highest common factor of 16214169 and 10785.
2157
Calculate the highest common factor of 1610217 and 155916.
549
Calculate the greatest common divisor of 3698 and 1177513462.
3698
What is the highest common divisor of 21882 and 55747?
521
What is the greatest common factor of 6171 and 792913?
121
What is the greatest common factor of 528624 and 14400?
144
Calculate the greatest common divisor of 7711353 and 442.
221
Calculate the highest common factor of 51 and 40073675.
17
Calculate the greatest common factor of 1106887999 and 49.
49
Calculate the highest common divisor of 17472 and 576240.
336
What is the greatest common factor of 11250 and 975150?
450
What is the highest common divisor of 2126880 and 20045?
1055
Calculate the highest common factor of 57035456 and 64.
64
Calculate the greatest common divisor of 147347251 and 179.
179
What is the highest common divisor of 22515160 and 2300?
460
What is the greatest common factor of 266310125 and 100?
25
What is the greatest common divisor of 184109 and 22909?
31
Calculate the greatest common factor of 391649 and 260528.
857
What is the highest common divisor of 434 and 701583754?
62
What is the highest common factor of 9338 and 644?
322
Calculate the greatest common divisor of 60 and 20932980.
60
Calculate the greatest common factor of 33687 and 1656967.
197
What is the greatest common factor of 1793 and 826084?
163
Calculate the greatest common factor of 1534660 and 430.
10
What is the highest common factor of 352 and 87064736?
352
Calculate the highest common divisor of 6 and 39472666.
2
What is the highest common divisor of 17315047 and 159?
53
Calculate the greatest common divisor of 22172283 and 18.
9
Calculate the highest common factor of 5782150 and 200.
50
What is the highest common divisor of 19457751 and 17574?
303
What is the greatest common divisor of 16974 and 3971178?
738
Calculate the greatest common factor of 2106 and 2688582.
78
Calculate the highest common divisor of 4610 and 1985847395.
2305
What is the highest common factor of 1704 and 237967576?
568
Calculate the highest common divisor of 13 and 1659340.
1
What is the highest common factor of 336 and 18028248?
168
Calculate the greatest common factor of 44631858 and 423.
141
What is the greatest common factor of 3795 and 734613?
33
What is the greatest common factor of 2185 and 9752230?
115
Calculate the highest common divisor of 69678 and 295578.
18
Calculate the greatest common divisor of 4624 and 4232116.
1156
What is the highest common divisor of 5643 and 2526012?
513
What is the greatest common factor of 671 and 3618703?
671
What is the highest common factor of 5516 and 26194105?
1379
Calculate the greatest common factor of 184 and 78357688.
184
What is the highest common factor of 481760 and 344800?
160
Calculate the highest common divisor of 33656436 and 396.
396
Calculate the greatest common divisor of 1680497 and 2201290.
5369
What is the greatest common factor of 72 and 1016310168?
72
What is the highest common factor of 61545775 and 75?
25
Calculate the highest common divisor of 279795376 and 112.
112
What is the highest common factor of 11775 and 19942925?
3925
Calculate the highest common divisor of 379205 and 82695.
745
What is the greatest common divisor of 371800 and 9493?
11
Calculate the highest common divisor of 1005 and 180540880.
335
What is the greatest common divisor of 276 and 1289892?
12
What is the greatest common factor of 175332 and 3116?
76
What is the highest common factor of 1952808 and 252252?
1716
Calculate the greatest common divisor of 50 and 2070650.
50
Calculate the highest common factor of 1206 and 595429.
67
Calculate the greatest common divisor of 556020 and 2796.
12
Calculate the greatest common factor of 196 and 4152988.
28
Calculate the highest common factor of 207 and 602715.
69
What is the highest common divisor of 21167922 and 1746?
582
What is the highest common factor of 9324826 and 12530?
2506
Calculate the highest common factor of 399704 and 12088.
8
What is the greatest common factor of 11 and 334947503?
11
Calculate the greatest common factor of 2332 and 192511847.
583
What is the greatest common divisor of 1 and 68432671?
1
What is the highest common factor of 1078 and 164450?
22
Calculate the highest common factor of 8166120 and 5832.
24
Calculate the highest common divisor of 767748 and 80324.
1868
Calculate the highest common factor of 54646 and 43610.
178
Calculate the greatest common divisor of 342216 and 961128.
504
Calculate the greatest common factor of 885501 and 603.
9
What is the highest common divisor of 4526 and 2454114?
146
Calculate the greatest common factor of 7 and 498593753.
7
Calculate the greatest common factor of 43838534 and 944.
118
What is the highest common divisor of 7096671 and 5499?
423
Calculate the highest common divisor of 23686 and 238914.
26
Calculate the greatest common factor of 7633 and 2699855.
17
What is the greatest common divisor of 1239708 and 612?
204
What is the greatest common factor of 296835678 and 1458?
1458
What is the greatest common factor of 747972 and 269469?
711
Calculate the highest common factor of 67194819 and 2538.
1269
What is the highest common factor of 1269723 and 4641?
273
What is the greatest common factor of 201143528 and 83?
83
Calculate the highest common divisor of 753594645 and 30.
15
Calculate the highest common divisor of 1744 and 1201624.
8
What is the greatest common divisor of 9984469 and 33?
11
What is the highest common divisor of 2636544 and 6144?
768
Calculate the greatest common factor of 1573883 and 7979.
101
What is the highest common divisor of 24 and 5445996?
12
What is the highest common factor of 110779 and 4827136?
2357
What is the highest common factor of 2504815 and 4715?
115
What is the highest common divisor of 74 and 28197737?
37
What is the greatest common factor of 1073142 and 611388?
918
Calculate the highest common divisor of 423558408 and 168.
168
What is the highest common factor of 167561745 and 975?
195
What is the highest common divisor of 7241 and 1146373397?
7241
What is the greatest common divisor of 10215362 and 3454?
314
Calculate the highest common divisor of 29159732 and 1421.
203
What is the greatest common divisor of 278 and 289007966?
278
Calculate the highest common factor of 208800 and 1219450.
1450
What is the greatest common factor of 10 and 127026905?
5
What is the greatest common divisor of 18268 and 1706?
2
What is the greatest common divisor of 686126 and 4998?
14
What is the greatest common factor of 184 and 5532719?
23
Calculate the highest common divisor of 72456496 and 4704.
784
Calculate the highest common divisor of 513 and 17236287.
513
What is the greatest common factor of 523932 and 78840?
12
Calculate the highest common factor of 1057120 and 12480.
160
What is the highest common divisor of 24972451 and 21?
7
What is the greatest common divisor of 13312 and 1523392?
832
What is the greatest common divisor of 8991216 and 180414?
702
Calculate the greatest common factor of 7796 and 5755397.
1949
Calculate the greatest common factor of 195989094 and 126.
126
What is the highest common divisor of 478244238 and 102?
102
Calculate the greatest common divisor of 2840712 and 3774.
222
Calculate the greatest common diviso